) in base 6?
-553
Convert -105a2 (base 11) to base 14.
-5850
66 (base 7) to base 2
110000
-230202 (base 4) to base 9
-3816
Convert -6756 (base 9) to base 12.
-2a80
What is 1b2 (base 16) in base 4?
12302
What is 65 (base 13) in base 11?
76
Convert -2003 (base 16) to base 10.
-8195
Convert 1480 (base 16) to base 12.
3054
31 (base 4) to base 3
111
What is -20222 (base 10) in base 2?
-100111011111110
d37a (base 15) to base 3
2021021021
32201 (base 4) to base 3
1021102
Convert 40a3 (base 11) to base 13.
2623
145104 (base 6) to base 15
428a
1031 (base 8) to base 13
324
19a6 (base 12) to base 5
100100
Convert -382 (base 9) to base 16.
-13d
What is -916 (base 12) in base 10?
-1314
What is -63 (base 13) in base 7?
-144
What is -103002 (base 5) in base 15?
-1087
Convert 275a0 (base 11) to base 15.
b9ae
450 (base 10) to base 12
316
What is 21212 (base 5) in base 13?
862
What is -536 (base 7) in base 2?
-100010000
21424 (base 5) to base 4
113101
-333144 (base 5) to base 16
-2d9a
What is 303 (base 11) in base 13?
222
Convert -28860 (base 10) to base 6.
-341340
Convert -2628 (base 11) to base 4.
-311122
What is -131214 (base 6) in base 8?
-27272
Convert -121236 (base 7) to base 10.
-22077
Convert -16 (base 7) to base 11.
-12
Convert 120 (base 9) to base 4.
1203
Convert 2005 (base 7) to base 14.
375
What is -24c9 (base 14) in base 8?
-14461
1135 (base 13) to base 5
34120
-73c4 (base 13) to base 16
-3eae
-21240 (base 9) to base 5
-422144
What is -6335 (base 8) in base 16?
-cdd
What is 33244 (base 5) in base 12?
1418
What is 27451 (base 8) in base 5?
341243
What is 6450 (base 16) in base 11?
18326
2aa (base 13) to base 12
33a
What is 10005 (base 9) in base 4?
1212212
416 (base 8) to base 4
10032
What is -6654 (base 9) in base 3?
-20201211
1a (base 11) to base 2
10101
What is 6175 (base 11) in base 5?
230224
What is 6959 (base 11) in base 16?
23b3
What is 5810 (base 9) in base 3?
12220100
What is -1030100 (base 4) in base 16?
-1310
1c0 (base 16) to base 6
2024
What is 223 (base 6) in base 13?
69
What is -502 (base 12) in base 3?
-222202
Convert 4132 (base 6) to base 8.
1630
Convert -191 (base 14) to base 13.
-1bb
Convert -201022 (base 3) to base 8.
-1011
34 (base 9) to base 16
1f
3a563 (base 12) to base 11
55355
Convert 515 (base 14) to base 5.
12444
51420 (base 6) to base 10
6852
Convert -2737 (base 12) to base 4.
-1012123
What is a7 (base 15) in base 4?
2131
Convert -8d0 (base 16) to base 13.
-1047
What is 285 (base 12) in base 10?
389
-440 (base 10) to base 7
-1166
What is -167b (base 14) in base 3?
-12112020
1010111001010 (base 2) to base 4
1113022
What is -43222 (base 5) in base 3?
-11000210
What is -cc5b (base 14) in base 11?
-24627
What is -1958 (base 11) in base 13?
-1190
What is 110010111 (base 3) in base 9?
13114
What is -3161 (base 8) in base 13?
-99b
What is 202202 (base 6) in base 8?
37272
What is 1010000001 (base 2) in base 4?
22001
What is -22320 (base 6) in base 10?
-3144
What is -3940 (base 11) in base 8?
-12006
Convert -353 (base 13) to base 4.
-20333
-11002210022 (base 3) to base 14
-2160d
Convert -c11 (base 13) to base 4.
-133322
Convert -2545 (base 8) to base 2.
-10101100101
Convert -69 (base 15) to base 9.
-120
What is 41414 (base 5) in base 3?
10202021
1b48 (base 12) to base 13
16c1
4141321 (base 5) to base 13
25148
-b57 (base 16) to base 3
-10222112
Convert 693 (base 16) to base 7.
4623
What is -12cb (base 14) in base 12?
-1b03
Convert 42638 (base 9) to base 14.
a3dd
What is -463 (base 7) in base 6?
-1041
Convert -462 (base 15) to base 10.
-992
Convert b24 (base 12) to base 4.
121030
Convert 31270 (base 11) to base 10.
45573
Convert 3438 (base 9) to base 3.
10111022
What is -103 (base 4) in base 12?
-17
What is ccbc (base 16) in base 2?
1100110010111100
Convert -5727 (base 10) to base 13.
-27b7
Convert 1abc (base 15) to base 8.
13252
-140403 (base 7) to base 12
-13496
1b8a (base 12) to base 8
6532
Convert -f65d (base 16) to base 5.
-4004234
-51b3 (base 12) to base 9
-13210
What is -11 (base 11) in base 14?
-c
-103313 (base 6) to base 11
-6465
-110111101 (base 2) to base 15
-1ea
21e9 (base 15) to base 9
10773
47210 (base 9) to base 10
31518
What is 13535 (base 6) in base 14?
ad5
-147501 (base 8) to base 6
-1045345
abb (base 13) to base 2
11100110100
Convert 13301033 (base 4) to base 16.
7c4f
10831 (base 10) to base 6
122051
What is -17360 (base 8) in base 11?
-5a50
Convert 101111110001 (base 2) to base 14.
1185
What is 134413 (base 6) in base 12?
7409
-121212101 (base 3) to base 8
-30007
2112012 (base 3) to base 6
12305
-1102230 (base 4) to base 15
-187c
What is 184 (base 10) in base 9?
224
Convert -632 (base 9) to base 3.
-201002
211001 (base 3) to base 2
1001010011
What is 27691 (base 10) in base 13?
c7b1
What is 931a (base 15) in base 2?
111100101100011
What is -3034 (base 10) in base 7?
-11563
Convert -13431 (base 5) to base 11.
-925
What is -94 (base 16) in base 11?
-125
What is 1101110 (base 6) in base 14?
15d06
Convert -425101 (base 6) to base 4.
-20133331
What is 123203 (base 4) in base 10?
1763
Convert 12f (base 16) to base 9.
366
4420 (base 12) to base 6
54440
Convert 13355 (base 9) to base 4.
2031101
What is 4763 (base 12) in base 8?
17473
Convert -7ad1 (base 14) to base 10.
-21351
642 (base 12) to base 4
32102
-10034 (base 6) to base 16
-526
What is 46 (base 7) in base 12?
2a
Convert -5326 (base 9) to base 8.
-7510
What is -303433 (base 5) in base 4?
-2122030
Convert 110021 (base 3) to base 12.
237
What is 1647 (base 8) in base 9?
1248
What is 101100101010011 (base 2) in base 7?
123445
Convert 1501 (base 11) to base 2.
11110010001
Convert 1f6 (base 16) to base 11.
417
What is -2101112 (base 3) in base 15?
-7b2
What is -1142 (base 7) in base 15?
-1d2
Convert -94a (base 16) to base 5.
-34003
22330 (base 9) to base 8
35002
-101 (base 10) to base 14
-73
-88a2 (base 11) to base 13
-5452
3cb (base 14) to base 15
362
325c (base 15) to base 12
6206
Convert 2203 (base 6) to base 14.
283
655 (base 12) to base 14
4a5
What is -305103 (base 6) in base 8?
-57577
Convert -45777 (base 10) to base 15.
-d86c
Convert 3a0a (base 14) to base 9.
14885
32413 (base 9) to base 4
11033211
-408 (base 11) to base 13
-2bb
-226414 (base 7) to base 10
-40681
Convert 120100 (base 3) to base 6.
1530
Convert -15933 (base 10) to base 14.
-5b41
2616 (base 7) to base 16
3e1
What is -42a (base 14) in base 4?
-30312
-1ddb (base 14) to base 8
-12555
-2301 (base 5) to base 10
-326
Convert 10122011 (base 3) to base 13.
128b
What is 317 (base 11) in base 8?
575
-1433 (base 6) to base 9
-463
Convert 4236 (base 7) to base 12.
a49
What is 1520 (base 11) in base 6?
13022
-226444 (base 7) to base 12
-1b67a
Convert 13412 (base 5) to base 6.
5043
-1248 (base 9) to base 2
-1110100111
902 (base 13) to base 10
1523
Convert 22ee (base 16) to base 2.
10001011101110
12001001 (base 3) to base 5
104143
What is -1001001101 (base 2) in base 15?
-294
-781 (base 11) to base 14
-4ac
What is -115404 (base 6) in base 15?
-30ba
504054 (base 6) to base 11
27982
What is 15 (base 14) in base 10?
19
-40101 (base 5) to base 10
-2526
What is 30021 (base 4) in base 10?
777
What is -1000100001 (base 2) in base 11?
-456
Convert -83a (base 16) to base 13.
-c60
-1b90 (base 14) to base 16
-13a2
-447 (base 11) to base 2
-1000010111
-102200010 (base 3) to base 5
-233013
What is 1121001 (base 3) in base 9?
1531
What is 131663 (base 8) in base 7?
251056
What is -2120032 (base 4) in base 14?
-379c
What is 1208 (base 10) in base 13?
71c
Convert -3107 (base 9) to base 8.
-4343
What is 1678 (base 9) in base 15?
5ab
Convert -2aa5 (base 11) to base 15.
-12ac
-774 (base 13) to base 2
-10011111110
18066 (base 14) to base 15
12da8
What is 122132 (base 4) in base 15?
77e
What is -912 (base 15) in base 11?
-1597
Convert 221 (base 10) to base 3.
22012
Convert -1387 (base 10) to base 16.
-56b
Convert -1dcf (base 16) to base 4.
-1313033
e56 (base 15) to base 11
2478
123002 (base 4) to base 6
12002
Convert 3a17 (base 13) to base 4.
2001231
What is 1200 (base 8) in base 12?
454
2211221 (base 3) to base 10
2077
What is 130020 (base 4) in base 2?
11100001000
-301032 (base 4) to base 10
-3150
What is -430a (base 13) in base 9?
-13678
Convert 112001 (base 4) to base 3.
1221012
Convert a5a0 (base 13) to base 12.
11341
-204